d by y.
1
Let x be -2*(-1)/(-4)*2. Let g = 3 + x. Let o(c) = -c**3 + 2*c**2 + 5*c - 4. Calculate the remainder when g is divided by o(3).
0
Let n = 107 + -57. Suppose 3*v + a - 49 = 2*a, 0 = v + 5*a - 27. What is the remainder when n is divided by v?
16
Let v(i) = i - 1. Calculate the remainder when 5 is divided by v(5).
1
Let v = 124 + -110. What is the remainder when 93 is divided by v?
9
Let d be (-6)/9 + 11/3. Suppose 8 + 13 = -d*h. What is the remainder when 26 is divided by (h - -1)/((-4)/6)?
8
Let u(b) be the first derivative of 3*b**4 - b**2/2 - 1. What is the remainder when 20 is divided by u(1)?
9
Suppose 0 = 3*h - 54 + 12. Let f = -86 + 147. Suppose -f = -2*i - 2*v - 9, -104 = -4*i + 2*v. Calculate the remainder when i is divided by h.
12
Let f(i) = 2*i**2 + 5*i - 1. Let k = 10 - 8. Suppose -3*u - 9 = 0, -l + 10 = -k*l - 2*u. Calculate the remainder when f(l) is divided by 6.
5
Suppose -2*n = 5*n - 42. What is the remainder when 17 is divided by n?
5
Let y = -56 - -77. Calculate the remainder when y is divided by (-98)/(-8) - 7/28.
9
Let i = -45 - -72. Calculate the remainder when i is divided by 10.
7
Suppose 0 = v + 2*v. Let s = 3 + v. Suppose 2 = s*o - 1. Calculate the remainder when 1 is divided by o.
0
Let q = -92 - -50. Calculate the remainder when 4*(q/(-4) + -4) is divided by 9.
8
Let w(q) = -4*q**2 - q + 11. Let m be w(6). Let u = -98 - m. Calculate the remainder when u is divided by 21.
20
Let u be 13/5 + 6/15. Suppose u*q + 4*h - 56 = 0, q + 0*h + 2*h - 22 = 0. Let r(f) = 35*f**2 - f. What is the remainder when r(1) is divided by q?
10
What is the remainder when 23 is divided by 3/(3*4/12)?
2
Suppose -4*l + 0*l = 8. Let f(t) = -6*t - 4. What is the remainder when l + -1 + 33 + -3 is divided by f(-3)?
13
Suppose -4*k = 27 - 79. What is the remainder when 51 is divided by k?
12
Let h(v) = -v**2 - v - 1. Let w be h(0). Let k be (1/w + 1)/(-1). Suppose 5*m - m - 8 = k. Calculate the remainder when m is divided by 1.
0
Let o = 9 - -18. Calculate the remainder when 5952/56 + (-2)/7 is divided by o.
25
Let p = -30 + 45. Let v = 1 + -3. What is the remainder when 9*(v/2 + 4) is divided by p?
12
Suppose 3*g + c - 29 = 0, 2*c - 8 = -2*g + 7*c. Calculate the remainder when g is divided by 4.
1
Let l(w) = 0*w**2 - w + w**2 + 4 + 5*w. Suppose 45 = -5*i + 5*h, -3*i = 3*h + 7 + 2. What is the remainder when 30 is divided by l(i)?
14
Suppose 5*s + 14 = -2*v - 11, 3*v + 5*s = -25. Suppose 5*d - 3*b = 63, -d - 3*d + b = -49. What is the remainder when 34 - v/(-2)*-1 is divided by d?
10
Suppose -4 = -3*p + p. Let i be p/6 - (-2)/3. Suppose -4*h + i - 2 = -3*f, -2*h = -f - 1. Calculate the remainder when 5 is divided by h.
1
Let j(o) = 6*o + 41. What is the remainder when j(10) is divided by 36?
29
Let h be (-1)/(-3) + (-8)/(-3). Suppose 0 = -0*g - h*g. Suppose i - 4 + g = 0, -4*v = i - 24. What is the remainder when 14 is divided by v?
4
Suppose 2*y - 22 = -n, 0*n + 73 = 3*n - y. Let z = -9 - 3. Calculate the remainder when 59 is divided by (1 + n/(-9))*z.
19
Suppose -5*o + 4*o = -14. Let r(s) = 68*s**2 + 12*s + 12. What is the remainder when r(-1) is divided by o?
12
Suppose -p + 2*p = 0. Let f(s) be the first derivative of -s**2/2 + 15*s - 1. What is the remainder when 57 is divided by f(p)?
12
Let c(i) = -7*i + 2. Let w be c(4). What is the remainder when 24 is divided by (w/(-4))/((-7)/(-14))?
11
Suppose 2*h + 63 = d - h, -5*h = -2*d + 125. Calculate the remainder when d is divided by 18.
6
Let u(j) = -j**3 + 7*j**2 + 2*j + 11. Calculate the remainder when 49 is divided by u(7).
24
What is the remainder when 4 + (-4 - (1 + -4)) is divided by 3?
0
Let c(d) = -2*d**2 + 16*d - 1. What is the remainder when 36 is divided by c(7)?
10
Let a be (10/(-6) + 2)*-3. What is the remainder when 12 is divided by (-19 - -18)*(-6 - a)?
2
Suppose 64 + 2 = x. Calculate the remainder when x is divided by 17.
15
Suppose -3*g - 7 = 20. Calculate the remainder when 74 is divided by (-150)/g*(-18)/(-12).
24
Let i = -140 - -241. Suppose 27 = 4*l - 77. What is the remainder when i is divided by l?
23
Let w be ((-15)/(-12))/((-2)/(-8)). Suppose -w*b + 25 = -0*b. Let p(h) = 2*h**2 - 2*h - 1. What is the remainder when b is divided by p(2)?
2
Suppose 6 = 5*w - 14. Calculate the remainder when 31 is divided by w.
3
Let f(q) = -q**2 - 9*q - 8. What is the remainder when 57 is divided by f(-6)?
7
Let c be (20 - (4 - 2)) + 3. Let w = c - -24. What is the remainder when w is divided by 12?
9
Suppose 4*i = -0*i + 12. Let p(f) = f**3 - 3*f - 1. What is the remainder when 48 is divided by p(i)?
14
Suppose g + 20 = -20. Let y(d) = -d**3 + 10*d**2 - 8*d + 2. What is the remainder when (1 - -2)*g/(-6) is divided by y(9)?
9
Suppose 0 = 4*n - 1 + 29. Let f(y) = y**2 + 6*y - 2. What is the remainder when f(n) is divided by 3?
2
Let v(u) = -2*u - 10. Let y be v(-7). Suppose 0*w = -2*w + y. What is the remainder when w is divided by 1?
0
Let i be 0/((-6)/9*3). Suppose i = x - 1 - 2. Let j = -15 + 23. Calculate the remainder when j is divided by x.
2
Suppose -136*q = -138*q + 30. Calculate the remainder when 39 is divided by q.
9
Let n be 3*(-1)/((-6)/(-50)). Let o(w) = 14*w - 2. Let z be o(-2). What is the remainder when 10 is divided by ((-20)/n)/((-4)/z)?
4
Suppose 26*c - 29*c + 45 = 0. Calculate the remainder when c is divided by 9.
6
Suppose -2*u + 207 = -5*b - 231, 2*u - 350 = 4*b. Let g = -13 - -25. Calculate the remainder when ((-9)/(-6))/((-6)/b) is divided by g.
10
Let g(s) = -s**3 - 2*s**2 + 20*s - 1. What is the remainder when g(-6) is divided by 15?
8
Suppose -n - 3*n = 5*l - 64, 2*n - 38 = -l. Let y = 272 + -191. Calculate the remainder when y is divided by n.
18
Let c(d) = -d + 7. Let u be c(3). Let i(x) = 3*x + 5. Let k(z) = -48*z**3 + z**2. What is the remainder when k(-1) is divided by i(u)?
15
Suppose -9*i = -2*i - 476. Calculate the remainder when i is divided by 14.
12
Suppose 0*d = -d + 2*i + 24, i + 93 = 5*d. What is the remainder when d is divided by 7?
4
Suppose -b - 4*b = 5*m - 140, -4*b - 3*m = -112. Calculate the remainder when b is divided by 10.
8
Let o(m) = 2*m**3 - 2*m - 1. Let q be ((-3)/2)/(6/(-8)). Calculate the remainder when 21 is divided by o(q).
10
Suppose -14*u - 20 + 62 = 0. Let c(a) = a**3 - 3*a**2 - 3*a + 3. What is the remainder when c(4) is divided by u?
1
What is the remainder when (0 - -1) + (-228)/(-4) is divided by 15?
13
Suppose q = -d + 4*d - 41, -d = -q - 11. Let t(f) = 6*f - 8. What is the remainder when t(6) is divided by d?
13
Let l = 22 - -9. Suppose 4 - 10 = -2*t. Suppose 5*x - 2*q + t*q - 57 = 0, x - 5 = 3*q. Calculate the remainder when l is divided by x.
9
Suppose -4*o - 45 = -233. Suppose -2*z = o - 151. Calculate the remainder when z is divided by 18.
16
Suppose 11 = -3*d - 1. Let c be (d/(-3 - -1))/(-2). Let m = c - -6. What is the remainder when m is divided by 2?
1
Suppose q + 2 = -q. Let c be (-212)/(q*(2 + -1)). Suppose n + 3*n = c. Calculate the remainder when n is divided by 18.
17
What is the remainder when 4 - (3 - -65)/(-4) is divided by 4/(-6)*(-99)/6?
10
Let u(r) = -r**2 + 11*r + 16. Calculate the remainder when 79 is divided by u(11).
15
Let o(x) = 3*x + 2. Calculate the remainder when 68 is divided by o(4).
12
Suppose 3*v - 2*g - 41 = 0, v - 5*g = 6 + 25. Suppose -4*p + 7 = -5. Suppose -p*f = -2*f - 21. Calculate the remainder when f is divided by v.
10
Suppose 4*z + 3*j - 300 = 0, 3*z - 185 = -2*j + 41. What is the remainder when z is divided by 20?
18
Let t = 8 + 10. Let m = t - 12. Calculate the remainder when 33/(1/6*9) is divided by m.
4
Let h = 0 - 5. Let n(k) = k**3 + 4*k**2 - 7*k - 3. What is the remainder when 19 is divided by n(h)?
5
What is the remainder when 85*1 + (-6)/(-15)*5 is divided by 15?
12
Let m(z) = z**2 - 4*z + 5. Let w be m(4). Let j be (10/2 - 18)/(-1). Suppose w*g = -15, 2*b - j = -4*g + g. Calculate the remainder when b is divided by 3.
2
Let g(x) = -12*x + 1. Calculate the remainder when 348/7 - 18/(-63) is divided by g(-1).
11
Suppose 2*g = 7*g. Suppose g = 8*n - 7*n - 8. Calculate the remainder when 23 is divided by n.
7
Suppose -f + 0*f + 42 = 0. Calculate the remainder when f is divided by 15.
12
Let g(x) = x**3 + 9*x**2 + 9*x + 1. Calculate the remainder when g(-4) is 